 -10. Suppose 6*j - 3*j + 528 = y*c, c - z*j - 100 = 0. What are the prime factors of c?
2, 3
Suppose 4*z - 3*z = 832. Let n(o) = 4*o**2 - 39*o + 29. Let k be n(9). Suppose -4*c = 2*a - z, -3*a + 209 = k*c - 215. What are the prime factors of c?
2, 103
Let z = -2853 - -4105. Suppose 4*a - 4984 = -4*m, m + z = a - m. List the prime factors of a.
2, 3, 13
Suppose 16*v - 4987 = 6341. List the prime factors of v.
2, 3, 59
Let b(a) = 16*a - 9. Let r be b(2). Suppose -4262 = -r*m + 5628. List the prime factors of m.
2, 5, 43
Suppose 3*q - 4*p - 35136 - 88079 = 0, -2*q - 4*p = -82170. What are the prime factors of q?
41077
Let f be 4/((-12)/(-501)) - (-3 + 6). Let h be (-2)/(-14) + f/28. Suppose -3*g + 285 = 3*k, -3*k - 6 = h. What are the prime factors of g?
3, 11
Suppose 3*h + 3*n - 10443 = 0, 2*h + 7*n - 6986 = 11*n. What are the prime factors of h?
5, 17, 41
Let p be (8/(-4) - -3)*392. Let u be p/(-21)*(-117)/4. Suppose n - u = -6*n. List the prime factors of n.
2, 3, 13
Suppose 3*g = -2*y - 60, -g + 2*y - 30 = g. Let m(a) = -a**3 - 18*a**2 - 26*a - 11. What are the prime factors of m(g)?
457
Let y = -12 - -23. Let p = -22 + y. List the prime factors of (-1 + -5)*p/11.
2, 3
Let x = 50 - 46. Suppose -b = 3*l - 8, -2*b + 3 + 5 = x*l. What are the prime factors of 3/2 - ((-244)/8 - b)?
2, 7
Suppose -5*p = -2*p - 4*q - 26915, 4*p + 3*q - 35920 = 0. What are the prime factors of p?
47, 191
Let b(n) = -152*n**3 + 5*n**2 + 3*n + 14. What are the prime factors of b(-4)?
2, 3, 5, 109
Let y(t) be the first derivative of -t**3/3 + 27*t**2/2 - 38*t + 35. Suppose 5*k + 2*r = 31 + 34, 26 = 2*k + 5*r. What are the prime factors of y(k)?
2, 3
Suppose 183*p + 62*p - 1462762 = -81*p. List the prime factors of p.
7, 641
Let s(d) = d**3 - 15*d**2 + 14*d + 3. Let i be s(14). Suppose -6*f - i*j = -2*f - 251, j = -3*f + 187. List the prime factors of f.
2, 31
Suppose n + 456 = -5*s, n - 92 = s + 2*n. Let g = 93 + s. Suppose -4*u - 370 = -2*i, -4*i - g*u + 592 = -168. What are the prime factors of i?
3, 7
Let u(n) = n**2 - 53*n + 57. Let v be u(52). Suppose v*d - 1035 = -3*s - 42, 1021 = 5*d - 4*s. List the prime factors of d.
3, 67
Let r(k) = 558*k + 1311. List the prime factors of r(8).
3, 5, 7, 11
Let h(i) = 6578*i + 9. List the prime factors of h(2).
5, 2633
Let j = 68 - 32. Let a be 99/j - (-2)/8. Suppose r + 5*w = 1, -a*r + 4*w = -33 - 27. What are the prime factors of r?
2
Let v(t) = 39*t + 6. Let m be v(-2). List the prime factors of (4*(-27)/m)/(3/572).
2, 11, 13
Suppose -824340 = -1096*n + 1063*n. List the prime factors of n.
2, 5, 1249
Let h(s) = -10*s - 25. Let z be h(-3). Suppose -2*u - 102 = -z*o + 241, -3*u = 4*o - 256. List the prime factors of o.
67
Let m(i) = i**2 + 16*i - 1. Let a(r) = -2*r**2 - 32*r + 1. Let s(v) = -3*a(v) - 5*m(v). Let t be s(-16). What are the prime factors of 408/3 + (4 - t)?
2, 3, 23
Suppose 0 = -0*x - 5*x + 35. List the prime factors of (1 - 6585/(-35)) + (-1)/x.
3, 7
Let c(a) = a + 42. Let x be c(-12). Let v = 25 + x. What are the prime factors of v?
5, 11
Let p = -2268 + 6102. What are the prime factors of p?
2, 3, 71
Let x = -154 + 157. Suppose -5*d - 4*t = -x*d - 416, 2*t - 844 = -4*d. What are the prime factors of d?
2, 53
Let p be -7*(-781)/66 + 2/12. Let y = 74 + p. What are the prime factors of y?
157
Let y = -11056 - -5179. What are the prime factors of y/(-12)*12/9*1?
653
What are the prime factors of ((-4)/6)/(6 + (-2101908)/350316)?
2, 37, 263
Suppose u - 6 = -u. Let n be 5*(-2)/3*u/5. What are the prime factors of -1 + -3 + n + 59?
53
Let g(k) = 27*k**2 + 98*k - 960. What are the prime factors of g(10)?
2, 5, 17
Suppose 15*n - 227580 = 12210. List the prime factors of n.
2, 7993
Let g(i) = 14*i**2 + 10*i + 6. Let w be g(-5). Suppose -t - w = -1420. List the prime factors of t.
2, 557
Suppose -3*p - 3*l = -48534, 0 = -5*p - 6*l + 55123 + 25768. What are the prime factors of p?
7, 2311
Let c = 194 - 191. Suppose t - 1504 = -c*o, -19*o + 20*o - 4*t - 510 = 0. List the prime factors of o.
2, 251
Let d = 148 - 148. Let g(z) = -5*z + 383. List the prime factors of g(d).
383
Suppose -9*u = 2592 - 33273. Let j = u + -1721. What are the prime factors of j?
2, 211
Let y = 12577 - 3788. Suppose y = 8*d - 691. List the prime factors of d.
3, 5, 79
Let r(z) = 7*z + 118. Let s be r(0). Let x = 223 - s. What are the prime factors of x?
3, 5, 7
Let q(w) be the second derivative of 3*w**4/2 + 4*w**2 - 10*w. Suppose 3*j + 5*b = 11, -3*b = -24*j + 20*j - 24. What are the prime factors of q(j)?
2, 5, 17
Let m(y) = 31*y**2 + 18*y + 72. List the prime factors of m(8).
2, 5, 11
Suppose 2*i = z + 1001 - 83, -2*z - 1816 = i. Let b = -583 - z. List the prime factors of b.
3, 109
Let z = -61 + 70. Suppose -b - 1160 = -z*b. Let w = b - -36. What are the prime factors of w?
181
Let y be 1422/12*(-2)/(-3). Suppose -1521 - 835 = 31*p. Let g = y + p. List the prime factors of g.
3
Suppose 5*p - 4*o - 28676 - 3797 = 0, -4*p + 5*o + 25973 = 0. What are the prime factors of p?
73, 89
Let k = -47 + 47. Suppose 14*t - 9*t - 75 = k. Let n(b) = b + 19. List the prime factors of n(t).
2, 17
Suppose 5*z + 2*h - 54649 = 0, -5*h = -21*z + 25*z - 43709. What are the prime factors of z?
17, 643
Let b be -20 + (-5 - 136/(-8)). Suppose 5*s + 5 = 0, 4*z - 38 = z - 4*s. Let p = z + b. What are the prime factors of p?
2, 3
Suppose 4*s - 15 = 7*s. Let u(d) = -5 + 1 + 9*d - 4*d**3 + 3*d**3. List the prime factors of u(s).
2, 19
Let u(b) = 35*b**2 - 4*b - 1. Suppose 5*o = -4*p - 2, 5*o + 0*o - 25 = 5*p. Suppose l = n - 2*l + 11, -o*n = -5*l + 19. What are the prime factors of u(n)?
3, 7
Let a(k) = 12*k - 208. Let h be a(19). Suppose h*q = 12373 + 6227. List the prime factors of q.
2, 3, 5, 31
Suppose -2*o + 30096 + 59690 = 4*n, 0 = 3*n - o - 67327. List the prime factors of n.
2, 31, 181
Let w(d) be the second derivative of 3*d**6/80 - d**5/24 - 7*d**4/6 - 9*d. Let y(l) be the third derivative of w(l). What are the prime factors of y(2)?
7
Let l = 116 - -105. Suppose n + 3*i - 20 - l = 0, 3*n = i + 683. Suppose 2*w + k = 461, -3*w + 4*w = -k + n. List the prime factors of w.
2, 29
Let y(v) be the second derivative of -11*v**3/6 - 9*v**2/2 + v. Let t = -5174 + 5165. List the prime factors of y(t).
2, 3, 5
Let c(g) = -g**2 - 8*g + 11. Suppose 4*x - 4*h = -0*h - 24, -15 = 5*h. Let t be c(x). Suppose 8*k = t*k + 90. What are the prime factors of k?
3, 5
Let d(i) = -i**3 + 16*i**2 - 14*i - 11. Let s be d(15). Suppose -1 = -g, -s*g = -3*c + 1423 + 1972. List the prime factors of c.
11, 103
Suppose -65*d + 101 = -64*d. Let f = d - 98. Suppose 3 = -2*w - 3, -5*c + f*w = -1124. What are the prime factors of c?
223
Let x be (40/30)/((-4)/12). Let k = x - -375. List the prime factors of k.
7, 53
What are the prime factors of (76 + -81)*24228/(-10)?
2, 3, 673
Let x be 30*(-2 - ((0 - -267) + -4)). What are the prime factors of 1/(-2) - (7 + x/20)?
2, 3, 5, 13
What are the prime factors of (10 - 318/32) + (-370590)/(-32)?
37, 313
Let k(h) = 163*h**2 + 3*h + 13. Suppose -11 = -m - 8. List the prime factors of k(m).
1489
Let i = -29303 - -48736. List the prime factors of i.
19433
Suppose -165*w + 125543 + 316492 = 0. List the prime factors of w.
3, 19, 47
Let a = -62 + 64. Suppose 0*s = -s + a. List the prime factors of (9/s - 5) + 322/4.
2, 5
Suppose -3*i = -41 + 11. Suppose 13*p - i*p - 1239 = 0. What are the prime factors of p?
7, 59
Let c = 15327 + -11425. List the prime factors of c.
2, 1951
Suppose 113*z - 6963 = -3*q + 114*z, -3*z = 0. What are the prime factors of q?
11, 211
Let i = -119872 - -180796. List the prime factors of i.
2, 3, 5077
Let o(j) = -j + 2. Let c be o(-2). Suppose 5*k = -3*f + 332, 2*f + 31 = 29. Suppose -k = -3*n + q, 2*n - c*q = 29 + 19. What are the prime factors of n?
2, 11
Let t = 79 + -55. Suppose -7*o = -o - t. Suppose 5*s + 13 = j - 19, 2*s = o*j - 182. List the prime factors of j.
47
What are the prime factors of ((-2454)/7)/((-227)/9534)?
2, 3, 409
Suppose 22 = 2*p - 3*l - l, p = 3*l + 14. Suppose -p*x + 1173 = -g, 15*x - 20*x + 1182 = -4*g. List the prime factors of x.
2, 3, 13
Let l be (-2 - (-24)/13) + (-168)/91. What are the prime factors of (l - -283) + -2 + -6?
3, 7, 13
Suppose 0 = 68*r - 59*r - 2993 - 2038. What are the prime factors o